{"id":2,"date":"2024-07-11T16:21:02","date_gmt":"2024-07-11T14:21:02","guid":{"rendered":"http:\/\/serwer1326783.home.pl\/autoinstalator\/wordpressplugins4\/?page_id=2"},"modified":"2024-07-12T15:43:12","modified_gmt":"2024-07-12T13:43:12","slug":"przykladowa-strona","status":"publish","type":"page","link":"https:\/\/poznan.dobre-oko.pl\/","title":{"rendered":"Nasz salon"},"content":{"rendered":"\n<div class=\"wp-block-group\"><div class=\"wp-block-group__inner-container is-layout-constrained wp-block-group-is-layout-constrained\">\n<h2 class=\"wp-block-heading\">Zapraszamy do naszego salonu optycznego!<\/h2>\n\n\n\n<p>Od 2022 roku z pasj\u0105 dbamy o zdrowie oczu naszych klient\u00f3w. Oferujemy szeroki wyb\u00f3r modnych i stylowych opraw okularowych, dopasowanych do Twoich potrzeb.<\/p>\n\n\n\n<div class=\"wp-block-group oko-contact-row is-content-justification-space-between is-layout-flex wp-container-core-group-is-layout-e3bc7287 wp-block-group-is-layout-flex\">\n<div class=\"wp-block-group is-vertical is-layout-flex wp-container-core-group-is-layout-8cf370e7 wp-block-group-is-layout-flex\">\n<div class=\"wp-block-group is-nowrap is-layout-flex wp-container-core-group-is-layout-ad2f72ca wp-block-group-is-layout-flex\">\n<figure class=\"wp-block-image size-large is-resized\"><img fetchpriority=\"high\" decoding=\"async\" width=\"256\" height=\"256\" src=\"https:\/\/poznan.dobre-oko.pl\/wp-content\/uploads\/2024\/07\/phone-call-duotone.svg\" alt=\"\" class=\"wp-image-40\" style=\"width:48px\"\/><\/figure>\n\n\n\n<p>+48 <\/p>\n\n\n\n<p>533 326 883<\/p>\n<\/div>\n<\/div>\n\n\n\n<div class=\"wp-block-group is-nowrap is-layout-flex wp-container-core-group-is-layout-ad2f72ca wp-block-group-is-layout-flex\">\n<figure class=\"wp-block-image size-large is-resized\"><img decoding=\"async\" width=\"512\" height=\"512\" src=\"https:\/\/poznan.dobre-oko.pl\/wp-content\/uploads\/2024\/07\/calendar-dots-duotone.svg\" alt=\"\" class=\"wp-image-41\" style=\"width:48px\"\/><\/figure>\n\n\n\n<p>Pon-Pt: 9:00-17:00<br>Sob: 9:00-13:00<\/p>\n<\/div>\n\n\n\n<div class=\"wp-block-group is-nowrap is-layout-flex wp-container-core-group-is-layout-ad2f72ca wp-block-group-is-layout-flex\">\n<figure class=\"wp-block-image size-large is-resized\"><img decoding=\"async\" width=\"512\" height=\"512\" src=\"https:\/\/poznan.dobre-oko.pl\/wp-content\/uploads\/2024\/07\/map-pin-duotone-1.svg\" alt=\"\" class=\"wp-image-39\" style=\"width:48px\"\/><\/figure>\n\n\n\n<p>Mickiewicza 27,<\/p>\n\n\n\n<p>Pozna\u0144<\/p>\n<\/div>\n\n\n\n<div class=\"wp-block-group is-nowrap is-layout-flex wp-container-core-group-is-layout-ad2f72ca wp-block-group-is-layout-flex\">\n<figure class=\"wp-block-image size-large is-resized\"><img loading=\"lazy\" decoding=\"async\" width=\"512\" height=\"512\" src=\"https:\/\/poznan.dobre-oko.pl\/wp-content\/uploads\/2024\/07\/envelope-open-duotone.svg\" alt=\"\" class=\"wp-image-42\" style=\"width:48px\"\/><\/figure>\n\n\n\n<p>kontakt@poznan.dobre-oko.pl<\/p>\n<\/div>\n<\/div>\n\n\n<link rel=\"stylesheet\" href=\"https:\/\/unpkg.com\/leaflet@1.9.4\/dist\/leaflet.css\"\n                integrity=\"sha256-p4NxAoJBhIIN+hmNHrzRCf9tD\/miZyoHS5obTRR9BMY=\"\n                crossorigin=\"\"\/>\n                <div id=\"map\" style=\"height:700px;\"><\/div>\n                <div id=\"oko_map_controls\" class=\"d-flex justify-content-between mb-4 align-items-end\">\n                    <div id=\"oko_button_group\" class=\"mx-2\">\n                        <button id=\"select_from_map\" class=\"btn btn-outline-primary mb-3 mb-md-0\">Wybie\u017c z mapy<\/button>\n                    <\/div>\n                <\/div>\n                <p id=\"oko-dist\"><\/p>\n                <script src=\"https:\/\/unpkg.com\/leaflet@1.9.4\/dist\/leaflet.js\"\n                integrity=\"sha256-20nQCchB9co0qIjJZRGuk2\/Z9VM+kNiyxNV1lvTlZBo=\"\n                crossorigin=\"\"><\/script>\n                <script>path=\"https:\/\/poznan.dobre-oko.pl\/wp-content\/plugins\/lokalizacje_podsalon_dobreoko\/icons\/\";\n                locations=[16.9104961,52.4102073];\n                <\/script>\n                <script src=\"https:\/\/poznan.dobre-oko.pl\/wp-content\/plugins\/lokalizacje_podsalon_dobreoko\/scripts\/display_locs_0.js\"><\/script>\n                \n\n\n\n<p><a href=\"https:\/\/dobre-oko.pl\/salony\/\" target=\"_blank\" rel=\"noreferrer noopener\">Pe\u0142na lista naszych salon\u00f3w <\/a><\/p>\n<\/div><\/div>\n\n\n\n<div class=\"wp-block-group\"><div class=\"wp-block-group__inner-container is-layout-constrained wp-block-group-is-layout-constrained\">\n<h2 class=\"wp-block-heading\">Oferujemy profesjonaln\u0105 opiek\u0119<\/h2>\n\n\n\n<p>W naszym salonie znajdziesz indywidualne podej\u015bcie do ka\u017cdego klienta oraz profesjonalne badanie wzroku przeprowadzane przez wykwalifikowanych optometryst\u00f3w. Pod czujnym okiem doktor Katarzyny Dubas zajmujemy si\u0119 rehabilitacj\u0105 widzenia i prowadzimy \u0107wiczenia wzrokowe, a tak\u017ce dobieramy pryzmaty.<\/p>\n\n\n\n<p>Nasze specjalistki, doktor Katarzyna Ignacka i doktor Magdalena Owczarek, korzystaj\u0105 z najwy\u017cszej jako\u015bci sprz\u0119tu, w tym pracowni USG oka. Przyjmujemy osoby doros\u0142e oraz najm\u0142odszych pacjent\u00f3w, nawet noworodki, co czyni nas unikalnymi w tej dziedzinie.<\/p>\n<\/div><\/div>\n\n\n\n<div class=\"wp-block-group\"><div class=\"wp-block-group__inner-container is-layout-constrained wp-block-group-is-layout-constrained\">\n<h2 class=\"wp-block-heading\">Tw\u00f3j wzrok jest w najlepszych r\u0119kach!<\/h2>\n\n\n\n<p>Ju\u017c ponad 1000 os\u00f3b zaufa\u0142o naszej wiedzy i do\u015bwiadczeniu, poprawiaj\u0105c swoje widzenie. Do\u0142\u0105cz do nich i przekonaj si\u0119 sam, jak wiele mo\u017cemy dla Ciebie zrobi\u0107!<\/p>\n<\/div><\/div>\n","protected":false},"excerpt":{"rendered":"<p>Zapraszamy do naszego salonu optycznego! Od 2022 roku z pasj\u0105 dbamy o zdrowie oczu naszych klient\u00f3w. Oferujemy szeroki wyb\u00f3r modnych i stylowych opraw okularowych, dopasowanych do Twoich potrzeb. +48 533 326 883 Pon-Pt: 9:00-17:00Sob: 9:00-13:00 Mickiewicza 27, Pozna\u0144 kontakt@poznan.dobre-oko.pl Pe\u0142na lista naszych salon\u00f3w Oferujemy profesjonaln\u0105 opiek\u0119 W naszym salonie znajdziesz indywidualne podej\u015bcie do ka\u017cdego klienta<\/p>\n","protected":false},"author":1,"featured_media":0,"parent":0,"menu_order":0,"comment_status":"closed","ping_status":"open","template":"","meta":{"inline_featured_image":false,"footnotes":""},"class_list":["post-2","page","type-page","status-publish","hentry"],"yoast_head":"<!-- This site is optimized with the Yoast SEO plugin v23.0 - https:\/\/yoast.com\/wordpress\/plugins\/seo\/ -->\n<title>Nasz salon - Dobre oko Pozna\u0144<\/title>\n<meta name=\"robots\" content=\"index, follow, max-snippet:-1, max-image-preview:large, max-video-preview:-1\" \/>\n<link rel=\"canonical\" href=\"https:\/\/poznan.dobre-oko.pl\/\" \/>\n<meta property=\"og:locale\" content=\"pl_PL\" \/>\n<meta property=\"og:type\" content=\"article\" \/>\n<meta property=\"og:title\" content=\"Nasz salon - Dobre oko Pozna\u0144\" \/>\n<meta property=\"og:description\" content=\"Zapraszamy do naszego salonu optycznego! Od 2022 roku z pasj\u0105 dbamy o zdrowie oczu naszych klient\u00f3w. Oferujemy szeroki wyb\u00f3r modnych i stylowych opraw okularowych, dopasowanych do Twoich potrzeb. +48 533 326 883 Pon-Pt: 9:00-17:00Sob: 9:00-13:00 Mickiewicza 27, Pozna\u0144 kontakt@poznan.dobre-oko.pl Pe\u0142na lista naszych salon\u00f3w Oferujemy profesjonaln\u0105 opiek\u0119 W naszym salonie znajdziesz indywidualne podej\u015bcie do ka\u017cdego klienta\" \/>\n<meta property=\"og:url\" content=\"https:\/\/poznan.dobre-oko.pl\/\" \/>\n<meta property=\"og:site_name\" content=\"Dobre oko Pozna\u0144\" \/>\n<meta property=\"article:modified_time\" content=\"2024-07-12T13:43:12+00:00\" \/>\n<meta property=\"og:image\" content=\"https:\/\/poznan.dobre-oko.pl\/wp-content\/uploads\/2024\/07\/phone-call-duotone.svg\" \/>\n<meta name=\"twitter:card\" content=\"summary_large_image\" \/>\n<meta name=\"twitter:label1\" content=\"Szacowany czas czytania\" \/>\n\t<meta name=\"twitter:data1\" content=\"2 minuty\" \/>\n<script type=\"application\/ld+json\" class=\"yoast-schema-graph\">{\"@context\":\"https:\/\/schema.org\",\"@graph\":[{\"@type\":\"WebPage\",\"@id\":\"https:\/\/poznan.dobre-oko.pl\/\",\"url\":\"https:\/\/poznan.dobre-oko.pl\/\",\"name\":\"Nasz salon - Dobre oko Pozna\u0144\",\"isPartOf\":{\"@id\":\"https:\/\/poznan.dobre-oko.pl\/#website\"},\"primaryImageOfPage\":{\"@id\":\"https:\/\/poznan.dobre-oko.pl\/#primaryimage\"},\"image\":{\"@id\":\"https:\/\/poznan.dobre-oko.pl\/#primaryimage\"},\"thumbnailUrl\":\"https:\/\/poznan.dobre-oko.pl\/wp-content\/uploads\/2024\/07\/phone-call-duotone.svg\",\"datePublished\":\"2024-07-11T14:21:02+00:00\",\"dateModified\":\"2024-07-12T13:43:12+00:00\",\"breadcrumb\":{\"@id\":\"https:\/\/poznan.dobre-oko.pl\/#breadcrumb\"},\"inLanguage\":\"pl-PL\",\"potentialAction\":[{\"@type\":\"ReadAction\",\"target\":[\"https:\/\/poznan.dobre-oko.pl\/\"]}]},{\"@type\":\"ImageObject\",\"inLanguage\":\"pl-PL\",\"@id\":\"https:\/\/poznan.dobre-oko.pl\/#primaryimage\",\"url\":\"https:\/\/poznan.dobre-oko.pl\/wp-content\/uploads\/2024\/07\/phone-call-duotone.svg\",\"contentUrl\":\"https:\/\/poznan.dobre-oko.pl\/wp-content\/uploads\/2024\/07\/phone-call-duotone.svg\",\"width\":256,\"height\":256},{\"@type\":\"BreadcrumbList\",\"@id\":\"https:\/\/poznan.dobre-oko.pl\/#breadcrumb\",\"itemListElement\":[{\"@type\":\"ListItem\",\"position\":1,\"name\":\"Home\",\"item\":\"https:\/\/poznan.dobre-oko.pl\/\"},{\"@type\":\"ListItem\",\"position\":2,\"name\":\"Nasz salon\"}]},{\"@type\":\"WebSite\",\"@id\":\"https:\/\/poznan.dobre-oko.pl\/#website\",\"url\":\"https:\/\/poznan.dobre-oko.pl\/\",\"name\":\"Dobre oko Pozna\u0144\",\"description\":\"\",\"potentialAction\":[{\"@type\":\"SearchAction\",\"target\":{\"@type\":\"EntryPoint\",\"urlTemplate\":\"https:\/\/poznan.dobre-oko.pl\/?s={search_term_string}\"},\"query-input\":\"required name=search_term_string\"}],\"inLanguage\":\"pl-PL\"}]}<\/script>\n<!-- \/ Yoast SEO plugin. -->","yoast_head_json":{"title":"Nasz salon - Dobre oko Pozna\u0144","robots":{"index":"index","follow":"follow","max-snippet":"max-snippet:-1","max-image-preview":"max-image-preview:large","max-video-preview":"max-video-preview:-1"},"canonical":"https:\/\/poznan.dobre-oko.pl\/","og_locale":"pl_PL","og_type":"article","og_title":"Nasz salon - Dobre oko Pozna\u0144","og_description":"Zapraszamy do naszego salonu optycznego! Od 2022 roku z pasj\u0105 dbamy o zdrowie oczu naszych klient\u00f3w. Oferujemy szeroki wyb\u00f3r modnych i stylowych opraw okularowych, dopasowanych do Twoich potrzeb. +48 533 326 883 Pon-Pt: 9:00-17:00Sob: 9:00-13:00 Mickiewicza 27, Pozna\u0144 kontakt@poznan.dobre-oko.pl Pe\u0142na lista naszych salon\u00f3w Oferujemy profesjonaln\u0105 opiek\u0119 W naszym salonie znajdziesz indywidualne podej\u015bcie do ka\u017cdego klienta","og_url":"https:\/\/poznan.dobre-oko.pl\/","og_site_name":"Dobre oko Pozna\u0144","article_modified_time":"2024-07-12T13:43:12+00:00","og_image":[{"url":"https:\/\/poznan.dobre-oko.pl\/wp-content\/uploads\/2024\/07\/phone-call-duotone.svg"}],"twitter_card":"summary_large_image","twitter_misc":{"Szacowany czas czytania":"2 minuty"},"schema":{"@context":"https:\/\/schema.org","@graph":[{"@type":"WebPage","@id":"https:\/\/poznan.dobre-oko.pl\/","url":"https:\/\/poznan.dobre-oko.pl\/","name":"Nasz salon - Dobre oko Pozna\u0144","isPartOf":{"@id":"https:\/\/poznan.dobre-oko.pl\/#website"},"primaryImageOfPage":{"@id":"https:\/\/poznan.dobre-oko.pl\/#primaryimage"},"image":{"@id":"https:\/\/poznan.dobre-oko.pl\/#primaryimage"},"thumbnailUrl":"https:\/\/poznan.dobre-oko.pl\/wp-content\/uploads\/2024\/07\/phone-call-duotone.svg","datePublished":"2024-07-11T14:21:02+00:00","dateModified":"2024-07-12T13:43:12+00:00","breadcrumb":{"@id":"https:\/\/poznan.dobre-oko.pl\/#breadcrumb"},"inLanguage":"pl-PL","potentialAction":[{"@type":"ReadAction","target":["https:\/\/poznan.dobre-oko.pl\/"]}]},{"@type":"ImageObject","inLanguage":"pl-PL","@id":"https:\/\/poznan.dobre-oko.pl\/#primaryimage","url":"https:\/\/poznan.dobre-oko.pl\/wp-content\/uploads\/2024\/07\/phone-call-duotone.svg","contentUrl":"https:\/\/poznan.dobre-oko.pl\/wp-content\/uploads\/2024\/07\/phone-call-duotone.svg","width":256,"height":256},{"@type":"BreadcrumbList","@id":"https:\/\/poznan.dobre-oko.pl\/#breadcrumb","itemListElement":[{"@type":"ListItem","position":1,"name":"Home","item":"https:\/\/poznan.dobre-oko.pl\/"},{"@type":"ListItem","position":2,"name":"Nasz salon"}]},{"@type":"WebSite","@id":"https:\/\/poznan.dobre-oko.pl\/#website","url":"https:\/\/poznan.dobre-oko.pl\/","name":"Dobre oko Pozna\u0144","description":"","potentialAction":[{"@type":"SearchAction","target":{"@type":"EntryPoint","urlTemplate":"https:\/\/poznan.dobre-oko.pl\/?s={search_term_string}"},"query-input":"required name=search_term_string"}],"inLanguage":"pl-PL"}]}},"_links":{"self":[{"href":"https:\/\/poznan.dobre-oko.pl\/index.php\/wp-json\/wp\/v2\/pages\/2","targetHints":{"allow":["GET"]}}],"collection":[{"href":"https:\/\/poznan.dobre-oko.pl\/index.php\/wp-json\/wp\/v2\/pages"}],"about":[{"href":"https:\/\/poznan.dobre-oko.pl\/index.php\/wp-json\/wp\/v2\/types\/page"}],"author":[{"embeddable":true,"href":"https:\/\/poznan.dobre-oko.pl\/index.php\/wp-json\/wp\/v2\/users\/1"}],"replies":[{"embeddable":true,"href":"https:\/\/poznan.dobre-oko.pl\/index.php\/wp-json\/wp\/v2\/comments?post=2"}],"version-history":[{"count":5,"href":"https:\/\/poznan.dobre-oko.pl\/index.php\/wp-json\/wp\/v2\/pages\/2\/revisions"}],"predecessor-version":[{"id":47,"href":"https:\/\/poznan.dobre-oko.pl\/index.php\/wp-json\/wp\/v2\/pages\/2\/revisions\/47"}],"wp:attachment":[{"href":"https:\/\/poznan.dobre-oko.pl\/index.php\/wp-json\/wp\/v2\/media?parent=2"}],"curies":[{"name":"wp","href":"https:\/\/api.w.org\/{rel}","templated":true}]}}